ppose w - 103 = -4*h. Calculate the highest common factor of h and k.
5
Let r(m) = 30*m + 39. Let x be r(8). Suppose 6*p - 467 + 197 = 0. Calculate the greatest common divisor of p and x.
9
Let a(y) = 6*y**3 + 31*y**2 - 109*y - 68. Let s be a(9). Calculate the greatest common divisor of s and 4.
4
Let d be 3500/110 + (-2)/(-11). Let y(b) = -29*b + 12. Let s be y(2). Let o = -38 - s. Calculate the highest common divisor of o and d.
8
Let y = 177 + -160. Suppose 0 = -y*j + 12*j + 120. Calculate the highest common divisor of 120 and j.
24
Let a(i) = 3*i - 3. Let f be a(4). Let l(d) = -2*d**3 - 5*d**2 + 8*d + 45. Let t be l(-3). What is the greatest common factor of t and f?
3
Let i(w) = -2*w**2 + 20*w - 11. Suppose 2*h - 5*h + 131 = -4*v, -2*v = -2. Suppose -x = -6*x + h. Let d be i(x). What is the greatest common factor of d and 70?
7
Suppose 12*s + 65043 = 93*s. Calculate the greatest common factor of 88 and s.
11
Let a = -594 + 1978. Suppose -2*f + a - 102 = 2*p, 0 = -5*f + 4*p + 3196. What is the highest common divisor of 40 and f?
40
Let j(h) = 373*h**2 - 28*h - 74. Let y be j(-2). What is the highest common factor of 44 and y?
22
Suppose -6*d - 5*d - 121 = 0. Let p be d*(-5)/275 - (-124)/5. What is the greatest common divisor of 25 and p?
25
Let y(i) = -3*i**3 - 2*i**2 - 6*i + 5. Let v be y(-5). Suppose v = d + 3*d. Let q = -8628 + 8664. Calculate the greatest common divisor of d and q.
18
Let d be ((120042/(-5))/(-6))/(-2 + (-126)/(-60)). Calculate the highest common divisor of d and 247.
247
Suppose -l = -6*u + 9*u - 55, -u + 4*l + 40 = 0. Suppose -17*q - 189 = -u*q. Calculate the greatest common divisor of q and 42.
21
Suppose 2*w - 5*q - 23 = 0, 0 = -3*q - 1 - 8. Let a be w/(48/418) - (-2)/12. What is the greatest common divisor of 15 and a?
5
Suppose 0 = -2*i - 2*i - 5*o - 24, -4*i + 3*o - 24 = 0. Let d be ((-8)/5*i)/((-30)/(-200)). What is the greatest common divisor of d and 24?
8
Suppose -148*v + 76*v - 19008 = -80*v. What is the greatest common divisor of v and 504?
72
Let b be (-105198)/(-623) - (-24)/21. What is the highest common divisor of 782 and b?
34
Let l be ((-22)/6 + 3)/(46/(-6969)). Suppose -x = 5*h - 2*x - l, 0 = -h + 4*x + 5. Calculate the greatest common divisor of h and 14.
7
Let s(k) = -k**3 - 15*k - 12. Let q = -488 + 484. Let m be s(q). What is the greatest common factor of 14 and m?
14
Suppose 0 = -6*g + g + n + 85, -3*g - n + 51 = 0. Suppose -9*s + 55 = 46, 0 = 5*u - 5*s - 420. Calculate the highest common divisor of g and u.
17
Let j(u) = -217*u + 5954. Let l be j(27). What is the highest common factor of 14535 and l?
95
Suppose -750 = -309*f + 2649. What is the highest common divisor of f and 12177?
11
Let v = -5518 - -5560. What is the greatest common factor of v and 315?
21
Let c be (-2)/22 + 416/(-22). Let x(t) = 4*t**2 + 72*t + 6. Let g be x(c). What is the highest common factor of g and 2?
2
Let a(b) = 2*b**2 + 4 - 3*b**2 - 11 + 14*b - 8. Let k be a(12). Let o(g) = g**2 - g - 2. Let x be o(k). Calculate the highest common divisor of 10 and x.
10
Suppose -915*r = -946*r + 372. What is the greatest common factor of r and 28?
4
Let t(g) = 632*g - 2867. Let h be t(11). Calculate the highest common factor of h and 43.
43
Suppose -2 = -2*s, -4*q + 19 + 31 = 2*s. Let w = q - 29. Let u = w - -39. What is the highest common factor of 22 and u?
22
Suppose 4*j - 15493 = -5*y, 0 = -2*j + 18*y - 384 + 8110. What is the highest common divisor of 224 and j?
32
Let f be 62 + (-10)/(-40) + 198/(-24). Calculate the highest common divisor of f and 3150.
18
Let t(i) = 75*i - 9. Let l(d) = -38*d + 5. Let p(v) = -5*l(v) - 3*t(v). Let x be p(-1). What is the highest common factor of 185 and x?
37
Let n = -8 + 10. Let u(p) = -13*p**2 + 7*p**2 - 16*p + n*p**2 + 2*p**2 + 7. Let a be u(-7). Calculate the highest common factor of 14 and a.
7
Let k(l) = -114*l - 4934. Let d be k(-47). Calculate the greatest common divisor of 3180 and d.
212
Let g be 37/148 + 9/(-20) + (-1076)/(-5). What is the greatest common divisor of 989 and g?
43
Suppose -3*r + 2628 = -3*v, 5*r + 36*v - 4392 = 35*v. What is the highest common divisor of 4 and r?
2
Let c be (8832/(-60))/(20/(-50)). What is the highest common factor of 288 and c?
16
Suppose 5*h = 3*h + 40. Let m = -9 + 9. Suppose 7*i - 4*b - h = 3*i, m = -5*b + 5. Calculate the greatest common divisor of i and 15.
3
Let p = 100 + -52. Suppose p + 0 = 16*a. Suppose -260 = -d - a*d. What is the greatest common factor of 13 and d?
13
Let k(y) = 19*y - 111. Let q be k(8). Let l = q - -396. Calculate the greatest common divisor of 23 and l.
23
Let w(r) = -28*r - 4. Let k be w(-2). Suppose 0 = 9*q - 4*q - 5. Let l be (1/q - (-8)/(-4)) + 5. What is the highest common divisor of k and l?
4
Let f(w) = w**3 - 20*w**2 - 18*w - 59. Let h be f(21). Suppose -h*u + 836 - 116 = 0. What is the greatest common divisor of u and 80?
20
Suppose 22*v - 21*v = -103. Let o = 116 + v. Suppose 0 = -f + 59 - 7. What is the highest common divisor of o and f?
13
Let v(m) = 2*m**2 + 2*m. Let x be v(2). Let f be (2 - 28/x)/((-4)/276). Suppose 0 = -3*w + 2*w + 69. Calculate the greatest common factor of f and w.
23
Suppose -4*k + 319*g - 316*g = -106628, 3*k - 2*g = 79971. What is the highest common divisor of k and 23?
23
Suppose -2*f - 661 = -5*a, 5*a = -f + 331 + 336. Let q = 3933 - 3926. What is the greatest common factor of q and a?
7
Let s(p) = -2*p**3 - 4*p**2 - p - 1. Let c be s(-3). Let k be (-105)/(-630) - (-238)/12. What is the highest common divisor of c and k?
20
Let z = -844 + 921. Calculate the greatest common divisor of 2233 and z.
77
Let l(n) = 8*n - 11. Let b be l(2). Suppose b + 5 = 4*j + f, -j + 1 = f. Let y be j*1 + (2 + 0 - -5). What is the greatest common factor of 170 and y?
10
Suppose 0 = -6*v + 3454 + 1060 + 10396. What is the highest common divisor of 639 and v?
71
Let v be (1 - 1) + (-4 - -6). Suppose -12 = -v*r - 6. Suppose -12*d + r*d + 1026 = 0. What is the greatest common divisor of d and 6?
6
Let t = 1 - -6. Let l(o) = -o**2 - 17*o - 14. Suppose 4*m = -7*m - 77. Let w be l(m). Calculate the highest common divisor of t and w.
7
Let f be (1/(-3))/((-82)/(-984))*7/(-2). What is the highest common divisor of 9975 and f?
7
Suppose 0 = 2*a - 2*i - 58, 5*i + 38 - 1 = a. Suppose -m + 5*n + 87 - 64 = 0, 34 = 2*m + 2*n. What is the highest common divisor of m and a?
9
Let d(o) = -1496*o + 18535. Let t be d(12). Suppose 4*c - 8 = 36. Calculate the highest common factor of t and c.
11
Let z(a) = 13*a**2 + a. Let v be z(1). Suppose 4*w + 2 = -0 + 10. What is the greatest common divisor of v and w?
2
Let k(j) = -j**3 - 38*j**2 - 68*j + 14. Let r be k(-36). Let l = r + 258. What is the highest common factor of l and 192?
64
Let c(v) = v**2 - v - 2. Let d be c(-1). Suppose d = 4*b - 4*p - 8, 1 = -b - 5*p + 3. Suppose -b*j = -4 - 74. Calculate the highest common divisor of j and 390.
39
Let v = 13583 + -9610. What is the greatest common factor of 29 and v?
29
Let f = -520 - -603. Suppose -3*j + 31 = -f. What is the greatest common divisor of 513 and j?
19
Suppose w = 2*z + 19742, z + 3*z + 19758 = w. Calculate the highest common factor of w and 14.
14
Let h = -410 + 407. Let u be h/(-1 - -16) + (-551)/(-5). Calculate the greatest common divisor of u and 44.
22
Let p be 26 - 23 - (-2)/2. Suppose 0 = -2*l + p, 20*l = -5*w + 16*l + 1028. Calculate the highest common factor of 340 and w.
68
Suppose -z + 3*u + 184 = -u, -5*z = -5*u - 860. Let n(i) = 46*i**3 + 1. Let o be n(-2). Let l = 388 + o. What is the greatest common factor of z and l?
21
Let r be ((-6358)/(-51))/(-17)*-33. What is the greatest common factor of r and 308?
22
Let p = 64 + -13. Let u be (-4 - 176)/(-1) + -4. Suppose u = 5*i - 164. Calculate the greatest common divisor of i and p.
17
Suppose 5*o - 5*y = -85, 30 = -4*o + o - 4*y. Let l be ((-6)/15)/(1/(-40)). Let a = o + l. What is the greatest common factor of a and 8?
2
Let y(q) = 22*q**2 - 541*q + 7901. Let m be y(15). Calculate the greatest common factor of m and 148.
148
Let p be -2 - -66*10*(-15)/(-20). Suppose 15*n - p = -2*n. Let l = -76 - -279. What is the greatest common divisor of n and l?
29
Let i = 5655 - 5205. What is the greatest common factor of i and 1100?
50
Let l = 79 + -44. Su